6
What is 14 + 5 + -1 - ((-197 - -205) + 2 + -16)?
24
53 - ((-289 - -316) + (-10 - 0))
36
Evaluate 1 + -11 + 5 + 75 + -4 + 4 + 6.
76
Evaluate -21 + (21 + -14 - 17) + 21.
-10
Evaluate (4 - 42 - -73) + -107 + -17.
-89
Calculate 18 - 55 - -69 - 29.
3
Calculate (45 - 19 - 3) + (2 - (-4 + 1)) - -3.
31
Evaluate 11 - (-28 + 2 - -26).
11
-12 - (196 + -121 - ((1 - 2) + 4))
-84
What is the value of 35 + (-81 - -47) + 18?
19
What is the value of (-2 - 9 - -65 - -24) + -3 - -17?
92
Calculate (-7 - -17) + 31 + -12 + -15.
14
Calculate 156 - (-4 + 10) - (153 - 109).
106
What is -12 + -2 - (-13 + 14) - 3?
-18
-5 + -10 + -6 + 9 + 6 + 7
1
-17 + (-36 - (-11 - 16))
-26
Calculate -54 + -20 + 166 + -54.
38
What is 19 + (10 - (-2 + 28 + 0))?
3
Evaluate 15 + (19 - 95 - 21) + 12 - 18.
-88
Evaluate 126 - (75 + (-52 - -26)).
77
Calculate -3979 + 3997 - (-3 - 36).
57
Calculate 28 + (9 - 24) - (77 - (-7 + 2)).
-69
What is -3 + (34 + -42 - -13) + (-9 - 2)?
-9
What is 0 + 71 + (126 - (2 - -158))?
37
Calculate -5 + 6 + (-9 + (-25 - -31) - -20).
18
(0 - -14) + (-3 + 29 - 30) - 19 - 52
-61
Evaluate (-52 + 3 - (-125 - -45 - -100)) + (-14 - 0).
-83
Calculate (435 - 224 - 221) + -1 + 28.
17
What is the value of 14 + (12 - (-48 - (7 - 22)))?
59
What is (-22 + 26 - 18) + 33?
19
What is the value of -4 + 2 + (-43 + 52 - 16) - -78?
69
What is the value of -15 + (-71 - 4) + -20 + 34?
-76
Evaluate (-13 + 91 - -11) + -3 + 0.
86
Evaluate 2 + (2 + 1 - (-48 - -41)).
12
What is -12 - 9 - (2 - 7) - (15 - (-16 + 30))?
-17
Calculate (-13 - -25 - -18) + (5 - 5 - -12).
42
What is 72 + -60 - (61 - 17)?
-32
Calculate 81 - (120 - 46 - -117).
-110
Calculate -623 - -713 - (-4 + 68).
26
Evaluate (-19 - (-52 - 2)) + -91 + -12.
-68
What is the value of 28 + (56 - 38 - 27) + -5?
14
26 + (14 - (-1 + 14)) - (-1 + -5)
33
-33 + -6 + -7 + -6 + 33
-19
Calculate -56 + (41 - 6) + -8.
-29
(-51 - (8 + -18)) + 9 + -83 + 62
-53
Evaluate -15 + (3 - 1) - (40 - (21 + -40 + -32)).
-104
Evaluate 5 - -1 - (12882 + -12934).
58
What is the value of 4 + (-11 + 8 - -1 - -9) - 7 - -20?
24
Evaluate -9167 + 9198 + -2 + -1 + -160.
-132
What is 5 + 11 - (-33 - (3 + 16 + -23))?
45
What is -29 + 71 + (-45 - 28)?
-31
Evaluate ((-1 - -11) + 3 - (22 + -5)) + (3 - 1).
-2
Calculate 1 + (-68 - -12) + (1 - (4 - 0)) - -15.
-43
What is 9 - (88 + (5 - -18) + -51)?
-51
What is -62 - (3 - (2 - -1) - (-327 - -321))?
-68
Evaluate 9 + 2 + -32 + 30 + 53 - 1.
61
What is -480 + -121 - -591 - (-35 - (0 - -1 - 0))?
26
Evaluate 10 + (53 - (14 + 8 + -11 + -4)).
56
What is the value of -26 - -19 - (0 - (3 + (4 - 15)))?
-15
What is 44 - (-19 + -145 + 72)?
136
What is (11 - 4) + 18 - 1 - 6?
18
Calculate -25 + -24 + 115 + -129.
-63
2 + (0 - -2) - (-17 - (-60 - -13))
-26
What is the value of (-346 - -63) + 264 + 97 + 0?
78
6 + -5 - (-10 - -9) - (-1 - -14) - -8
-3
What is the value of (1 - (-1 - 3)) + -11 - (7 - (37 - 15))?
9
What is the value of 23 + -16 + 51 + (10 - (-2 + 31))?
39
-406 - -389 - (1 - 36)
18
What is (26 - 8) + -308 + 398 + (-15 - (0 + 0))?
93
Calculate 1 - -46 - (104 + -82).
25
Calculate (-13 + -1 - -65) + -55.
-4
Evaluate (34 - 76 - -52) + -55.
-45
Calculate -259 + 239 - (40 + 2).
-62
Evaluate 16 + 12 - (3 + -24) - 25.
24
What is -27 + 27 - (3 + -63)?
60
What is -24 - (-22 - (-26 - (-22 - -35)))?
-41
What is the value of 8 - ((26 - (41 - 21)) + 48 + -1) - -3?
-42
Calculate -35 + (3 - (-10 - 7)) + -13.
-28
(-1 - -12) + 54 + -49 + -38 + 18
-4
Evaluate -59 + 41 + 47 + 54 + -1.
82
(14 - 0) + (103 - (113 + -2))
6
Calculate -10 + (2 - -1) + (-15 - 16 - -14) + 12.
-12
Calculate 4 - -25 - (121 - 72 - -5).
-25
Evaluate 3 + -37 - (21 + (-32 - -26 - 21)).
-28
Calculate 29 - (15 + 19) - (4 + 3).
-12
What is the value of 722 + -885 + (8 - (-42 - -9))?
-122
Evaluate (-41 - -45) + -39 + -5 + -4.
-44
Calculate 3 + (26 - 100 - ((-1 - 9) + -4)).
-57
7 + (4 - (5 + -2 - 0)) - (165 + -161)
4
Calculate 75 + 1 - (282 - (-112 - -352)).
34
-59 - (-17 - 9) - -85
52
Evaluate (23 - -5) + -13 + 70 - -9 - (1 + 5).
88
What is the value of (19 - 37) + 1 + 19 + 21?
23
What is -28 - (1 - (15 - 0 - 6))?
-20
(-13 + (-1 - -1) - -3) + (160 - 87 - 66)
-3
What is -17 + -9 - -86 - (8 + -7)?
59
Calculate -23 + 20 + (-14 - (26 - 17)).
-26
-1 - (40 + 3 - 28 - (0 - -2 - -2))
-12
What is the value of 18 + -17 - (165 - 181)?
17
-87 + 40 + 33 - -1
-13
-7 + -42 - ((12 - 15) + -13)
-33
What is (10 + 17 - (3 - 0)) + (29 - 15)?
38
What is 6 + -15 - (18 + (-21 - (51 + 20)))?
65
Evaluate -1286 + 1274 - (-116 - -7).
97
What is the value of (-71 - -35) + 7 + 21?
-8
(17 + -105 - 7 - -3) + 20 - (1 - 8)
-65
What is 1 + -13 + (1327 - 1369) + -1 + 8?
-47
What is the value of -150 - -72 - -100 - (7 - 0)?
15
What is -9 + -3 + 7 + (-2 - (-14 + 7))?
0
What is -18 + -2 + 0 - (3223 + -3212)?
-31
What is the value of (50 - -191) + -147 - (45 - -2)?
47
Calculate -100 + -6 - (-21 + 0) - (1 - 1 - 1).
-84
Evaluate 10 + -11 + 0 + 6 + -4 + 37.
38
Evaluate (1119 - 938) + -129 + -2.
50
What is the value of 25 + 7 + (-40 - -16) + 11?
19
Calculate -43 - -14 - (6 - 4 - -1 - -8).
-40
Calculate -1 + -40 - (4 + (-5 - -39 - 34)).
-45
What is the value of -8 - ((2 - ((-3 - 3) + 15)) + 61)?
-62
Evaluate -3 + -27 + 491 + -460.
1
Evaluate 14 + -16 + 19 + (-47 - 24).
-54
What is 84 + -33 - 32 - (8 + 2)?
9
What is the value of 4 - 38 - -3 - (-7 - (-20 + 20 + -9))?
-33
Evaluate 3 + 4 + -2 + 16 + -11 + -17.
-7
Calculate (45 - (-10 + 12)) + -3.
40
79 + (88 + -103 - 34)
30
What is (3 - 54 - 0) + 2 + -39 + 31?
-57
Calculate 8 + 2 - ((-33 - 33) + 83) - -70.
63
Calculate (3 - (7 + -1)) + ((-6 - -10) + -5 - -24).
20
Evaluate 9 - (196 + -186 - (-29 + 1)).
-29
-5915 + 5916 + (-2 - (-2 - -55))
-54
Calculate -27 + (63 - 120) - -19.
-65
Calculate (1 - 0) + 9 + -2876 + 2855 - 11.
-22
What is -51 + -1 + (21 - -5) - (0 + (1 - 0))?
-27
(3 + -13 - (-20 + (-10 - -27))) + 33
26
What is -77 + (-16 - (28 - (85 - 31)))?
-67
Evaluate (-44 - 0) + 2190 + -2111.
35
Calculate -1 - (15 + 33 + -28 - 21).
0
What is -13 + -45 + 41 + 22?
5
What is -329 + 215 + -22 + (0 - 5)?
-141
Evaluate 0 - -10 - (2428 - 2444).
26
7 + 3 - (20 - (-19 + 38)) - 52
-43
What is (129 - 270 - -120) + -75?
-96
Evaluate 31173 + -31180 + (-1 - -2 - (5 + 1)) + 97.
85
What is (5 - (10 + -6)) + -13 + (-5 - -26)?
9
What is the value of (18 - -21) + 11 + -5?
45
What is the value of 46 + -40 - (-31 + 0 - (-3 - -3))?
37
Calculate -20 + 44 + -12 + -50.
-38
1 + (16 - (5 + (-4 - 6) + 19 + -11))
14
Calculate 7 + 45 + -43 - -31.
40
Calculate -77 - ((8 - 13) + (-16 - -14 - 14)).
-56
Calculate (9 + 13 - -6) + -12 + -54.
-38
(6 - -5) + -2 - (-14 + 31 + -5)
-3
What is 9 + -5 + (38 - (-16 - (-8 + -13)))?
37
What is the value of 7 + 27 - (101 + 0 + 14)?
-81
8 - ((-7 - 33) + 29) - -25
44
(-11 - -18 - (51 - 8)) + -7
-43
Evaluate 35 - (99 - 14) - (-4 + (-2 - (2 - -3))).
-39
Evaluate 18 - (46 - 23 - 16) - 11.
0
What is the value of 37 + (-8 - -20) + (-7 - -9)?
51
What is the value of -6 + 11 - ((-3 - 8 - -1) + (20 - 2))?
-3
Evaluate -50 - -8 - (22 + -7 + 17 + -16).
-58
What is the value of 3 + (-2 - -3 - (1 + -3 - 9)) + -12?
3
What is 72 + -53 + 15 + -78?
-44
Calculate (-163 - -187 - (63 - -1)) + (3 - 1).
-38
What is the value of -51 - (3 + -6 + 5) - (54 + -60)?
-47
-94 + (-11 - 2) + 48
-59
-19 + 11 + (-65 - (-22 + -15))
-36
What is the value of -27 + (20 + 2 - 7) + -20?
-32
Evaluate -20 + (121 - (27 + -23 - -9)) + 18.
106
Calculate 77 - (-46 + 88) - (24 + -26).
37
What is 43 + 14 - 188 - -81?
-50
Evaluate (4 + -8 - -2) + (-15 - 101 - (-27 - -4)).
-95
Evaluate 4 + -23 + (15 - (-7 + 88 + 11)).
-96
What is the value of (-2 - (1 + (6 - 0))) + 2276 + -2287?
-20
What is the value of 1 + 8 + -41 + 146 + -110?
4
Evaluate -26 - -6 - (-43 - (16 - 62)).
-23
What is the value of 55 - 26 - (77 + -57)?
9
What is -4 - (-42 + (2 - -25)) - 79?
-68
What is the value of -4 - 4 - (-118 - -132 - (3 - 3))?
-22
13 + -16 + -17 - -29 - 24
-15
15 + -1 + (14 + -2 - ((13 - -20) + -23))
16
What is 37 + (-9 - 0 - (-325 - -353))?
0
40 - (3 - 10 - (-7 - (-3 - 6)))
49
What is (16 + -51 - -30) + (3 - 1 - 8)?
-11
What is (558 - 389) + (-2 - 71)?
96
What is the value of (-15 - ((20 - 0) + 159 + -231)) + -7 + -1?
29
Evaluate (1241 - 1288) + 2 + 38.
-7
Evaluate (0 - 3) + (48 - (-26 + 49) - -54).
76
What is the value of 14 + -12 + (1 + 9 - 